 19 = -p*d. What is the units digit of d?
6
What is the thousands digit of (-7347328)/(-240) - ((-215)/(-75) - 3)?
0
Let a(h) = 483*h**2 - 727*h - 5944. What is the thousands digit of a(-8)?
0
Let j be ((-5)/20*0)/(-3). Suppose j = 74*n - 65*n - 3501. What is the hundreds digit of n?
3
Let t(v) = -v + 1. Let g be t(-5). Let u(a) = 23*a - 41. Let q be u(g). Let s = q + -42. What is the tens digit of s?
5
Let g(c) = -c**3 - 21*c**2 - 18*c + 113. Let w be g(-18). Let n = 488 - w. What is the tens digit of n?
2
Suppose -7 = -3*t + 8. Let k(w) = -w**2 + 17*w - 31. Let f be k(2). What is the hundreds digit of (f/(-3))/(t + (-5622)/1125)?
1
Suppose -4*d = 4*y + 10 + 6, 0 = d - 3*y - 8. Let a be 2 + (-10)/(-5)*d. Suppose 4*n - n - 168 = a. What is the tens digit of n?
5
Suppose 6*q - 135 + 621 = 0. What is the tens digit of 1/2 - q/6*45?
0
Let n be (-3 - -1)*(13 - 15). Suppose -8 = -4*u + n. Suppose -u*k - 6 = 0, -2*k + 68 + 243 = 5*r. What is the units digit of r?
3
Let n(r) = r**3 - 4*r**2 + 4*r + 3. Let i be n(4). Let p = i + -2. Suppose -4*z + q + 15 = -0*q, -3*z = 5*q - p. What is the units digit of z?
4
Suppose b - 5*y - 1 = -4*y, -4*b - y = -14. Suppose -6*q + 9*q + b*w = 1380, 3*q - w - 1380 = 0. What is the units digit of q?
0
What is the thousands digit of (42/(-5) - -10) + 213347/5?
2
Suppose -48*v + 330729 + 14343 = 0. What is the thousands digit of v?
7
Suppose -3 = 3*h - 15. Let v = 2012 - 1847. Suppose 0 = -g - 0*g, -h*g = y - v. What is the tens digit of y?
6
What is the ten thousands digit of -59315*2*((-92)/(-115) - 1)?
2
Let d = -6273 + 25730. What is the tens digit of d?
5
Suppose i + 2*r - 11141 = 0, -3*i + r = -5649 - 27795. What is the thousands digit of i?
1
Suppose 3*a + a = 4*p + 868, -3*a + 4*p = -647. Let v = -146 + a. What is the units digit of v?
5
What is the tens digit of 6905954/847 - (-8)/14?
5
Let d be (0 - 0/3)*(-2)/8. Let z be (1 + -1 - d) + (-45 - -44). Let y(i) = 87*i**2 + 6*i + 6. What is the tens digit of y(z)?
8
Suppose 29*w - 65 = 16*w. Suppose 4*c + 5*h = 1433, 3*h - h - 1770 = -w*c. What is the units digit of c?
2
Suppose -46150 = -2*g - 2*g - 3*i, 5*g - 3*i = 57701. What is the thousands digit of g?
1
Suppose 12*n - 2112 = -4*n. Suppose 3*l - 369 = -4*o + n, -o - l + 126 = 0. What is the units digit of o?
3
Let j = -15 + 13. Let u(i) = 163*i + 4. Let c be u(j). Let x = c + 502. What is the hundreds digit of x?
1
Suppose -11766*f + 320852 = -11752*f. What is the ten thousands digit of f?
2
Let p be ((-230)/50 - -5)/(2/(-80)). What is the tens digit of 307*-2*p/32?
0
Suppose -2*i - 5*u + 21756 = 0, 9*i = 7*i - u + 21788. What is the thousands digit of i?
0
Suppose -4 = -2*f + 4*y, -4*f + 36 = -y - 0*y. Suppose -f*x = -9*x + 2*a - 70, 5*a = 2*x - 176. Let o = 85 - x. What is the units digit of o?
7
Let m = 158969 + -91051. What is the ten thousands digit of m?
6
Let u = -85 + 97. Let t(c) = 23*c + 86. What is the tens digit of t(u)?
6
Suppose 76*z - 25*z - 1346100 = -49*z. What is the thousands digit of z?
3
What is the units digit of 9/((-135)/10) - 1137400/(-60)?
6
Suppose 0 = -5*n - 255 - 145. Suppose 0 = 36*t - 2776 - 3380. Let a = t + n. What is the tens digit of a?
9
Suppose -a - 18 = -3*a - 4*n, -4*n = 5*a - 21. Let v be (-4 + 2 + 201)/a. Let s = -140 + v. What is the units digit of s?
9
Suppose 12 = 4*n - 3*d, -n - 20*d + 16*d - 16 = 0. Suppose 0 = 23*s - 25*s + 5*r + 1834, 4*s - 4*r - 3668 = n. What is the hundreds digit of s?
9
Suppose 261*c - 241*c = 640980. What is the units digit of c?
9
Let r(p) = 11*p**2 + 5*p + 5. Let n be r(-1). Suppose -n*h = -10*h. Suppose h*s = s - 270. What is the units digit of s?
0
Suppose -15 = -31*m + 47. Suppose 7*y - 80 = m*y. What is the tens digit of y?
1
Suppose -11*s + 254 + 989 = 0. Let y = s - 52. Suppose -12*v + 493 = y. What is the units digit of v?
6
What is the tens digit of (-1544)/64*-4*(134 - 1 - 5)?
5
Let d(p) = -p**3 - 8*p**2 + 10*p - 15. Let s be d(-11). Let b = s + -33. Let t = -137 + b. What is the tens digit of t?
6
What is the hundreds digit of -10 - -2 - (-13155 + 6)?
1
Suppose -78*j + 72*j + 3522 = 0. Let q = j - 352. What is the units digit of q?
5
Let f be ((-36)/20)/((-2)/((-10)/(-1))). Let h(r) = -r**2 + 9*r + 26. Let z be h(f). What is the units digit of 0 - (-148)/3 - z/(-39)?
0
Let x = -49 + 1541. What is the hundreds digit of x?
4
Let d = -657 + 656. What is the units digit of d/(-3) - (-161528)/183?
3
Let h(d) = d**2 - 3*d - 400. Let k be h(0). What is the units digit of (-153050)/k + (1 - (-10)/(-16))?
3
Let k = 142 - 412. Let h = k + 611. What is the hundreds digit of h?
3
Let c be ((-45)/10 + 4)/((-4)/56). Suppose 4*d - c*d = -3*o - 234, -2*o = 4*d - 318. What is the tens digit of d?
7
Suppose 5*s = 17*c - 12*c + 130, 2*s - 62 = -3*c. Let r = 120 - s. What is the tens digit of r?
9
Let p(y) = -2*y**2 + 45*y - 22. Let q be p(22). Suppose o - 289 = -q*o. What is the tens digit of o?
8
Let n = 2159 - 1398. Let r = n + -309. What is the tens digit of r?
5
Let k(a) be the third derivative of -a**5/60 + 31*a**4/24 + a**3/3 + 126*a**2. Suppose 3*t = -3*n - t + 43, -t = -n + 19. What is the hundreds digit of k(n)?
2
Suppose 2*d - 4*s = -s - 11, 0 = -d - s + 2. Let v(p) be the third derivative of -175*p**4/24 - p**3/2 - 2*p**2 + 296*p. What is the units digit of v(d)?
2
What is the units digit of 48/432 + (276/45)/((-6)/(-1885))?
7
Suppose -58*r + 218570 - 63942 = 0. What is the units digit of r?
6
Let m(i) = 3*i**3 - 6*i**2 - 4*i + 14. Let z = 574 - 570. What is the units digit of m(z)?
4
Let p = -12 - -15. Suppose 21 = p*i + 3. Suppose -i*a - a = -1022. What is the tens digit of a?
4
Suppose -3*f + 67 = -4*s + 9*s, 5*s + 2*f - 68 = 0. Suppose 12*m - s*m = -148. What is the tens digit of m?
7
Let p be (17 - 18)/(3*2/66). Suppose 0 = q - 2*q - 119. Let x = p - q. What is the tens digit of x?
0
Let r(z) = -z**3 - 5*z**2 + 28*z - 15. Let p be r(-12). Suppose 11*u + 80 = -p. Let y = 190 - u. What is the hundreds digit of y?
2
Suppose -2*i = -15 + 3. Suppose -16 = -5*l - 3*l. Suppose -3*b - 98 = -l*p + i, -2*b - 52 = -p. What is the tens digit of p?
5
Let t(z) = -125*z - 16. Suppose -4*r + 3*d = 15, -d + 5 = 4*r + 32. What is the units digit of t(r)?
4
Suppose y = 7 - 2. Suppose -3*l + 45 = 3*v, -2*v - 80 = -5*l - 6*v. What is the units digit of 9/1 - y*8/l?
7
Let l(d) = 17*d**2 - 5*d - 5. Let q(i) = -i**3 + 3*i**2 - 3*i + 3. Let x be q(2). Let j be (4 + x - -3)/(6 - 4). What is the tens digit of l(j)?
4
Let d be -9*(-4)/6 + -4. Suppose 3*m + 0*m - 17 = -d*v, -v - 3*m = -7. Suppose 2*w - v = 18. What is the units digit of w?
4
What is the thousands digit of (-17)/(765/117846)*4/(32/(-20))?
6
Suppose -4*k + 0*k = 2*w - 20, 4*w = -k - 2. Suppose -42 = 4*g + k. What is the tens digit of 232/6 + (-4)/g?
3
Let a(r) = 2 + 19 + 8*r - 7*r. Suppose 9*k - 4*k - 2*u + 98 = 0, 5*k + 3*u + 78 = 0. What is the units digit of a(k)?
3
What is the tens digit of (-463776)/112*14/(-6)?
6
Let d = 7 - 49. What is the hundreds digit of d/(-7) - (4 - 287)?
2
Let l = -56 - -65. Suppose 3*y - 7*y + 6 = -d, l = 3*y. Suppose -3*g + 3*b - d*b + 633 = 0, -199 = -g + 2*b. What is the hundreds digit of g?
2
Let o(u) = -27 + 101 + 4*u + 70 + 31 - 27. Suppose 5 = -d + 5*s, 4*s - 4 = -4*d - 0*d. What is the hundreds digit of o(d)?
1
Let j(u) = 11*u**3 + 6*u**2 - 22*u + 124. What is the tens digit of j(6)?
8
Let r = 618 + 2. Suppose -4*w = -9*w + r. Suppose w = 14*c - 12*c. What is the tens digit of c?
6
Suppose 7*m - 2*m = u + 51091, 2*m - 20439 = 3*u. Suppose 463 = -5*p + m. What is the hundreds digit of p?
9
Let s(y) = -11*y**2 + 1107*y - 138. What is the tens digit of s(74)?
4
Let y(a) = 39*a**2 + 173*a - 1323. What is the units digit of y(8)?
7
Suppose -2*i = -1 + 5, 1 = t + i. Suppose -x = t*d - 688, 0 = 4*d + 7*x - 4*x - 924. What is the tens digit of d?
2
Let j(b) = b**2 + 7*b - 1. Let u be j(-10). Let t = u - 97. Let i = t + 154. What is the tens digit of i?
8
Let r(h) = -2*h**3 - 11*h**2 - 8*h - 3. Let m be r(-5). What is the hundreds digit of (2231/(-69))/((-2)/m)?
1
Suppose 57*b = 78050 - 8111. Let j = 2572 - b. What is the units digit of j?
5
Let q be (-23)/(138/(-36)) - 6. Suppose q = -3*s - m + 176, -m - 56 = 4*s - 289. What is the units digit of s?
7
Suppose 